
-133032133312
In base 3, what is -12011102122021 + -20100?
-12011102212121
In base 16, what is -23 + 10bb9?
10b96
In base 10, what is 5 + -1192625?
-1192620
In base 8, what is 4067 + 42573?
46662
In base 5, what is -1400 - -4402?
3002
In base 15, what is -94a - 7bad?
-8608
In base 16, what is -2054 - -571?
-1ae3
In base 9, what is 44 - 2084501?
-2084446
In base 9, what is 2 + 115032587?
115032600
In base 3, what is -112110 - 11210122122?
-11211012002
In base 13, what is -34598 - 126?
-346c1
In base 13, what is -1 - -18b10a5?
18b10a4
In base 2, what is -111110001 + 10111110101000?
10110110110111
In base 14, what is -6 - 58c2132?
-58c2138
In base 8, what is 410 + -12421?
-12011
In base 11, what is 41139 + 572?
41700
In base 3, what is 1022 - -1000212020222?
1000212022021
In base 2, what is -1100111101011000011 + 1110001?
-1100111101001010010
In base 12, what is 2674 - -37909?
3a381
In base 2, what is 0 + 1001101011110100011011011?
1001101011110100011011011
In base 15, what is -4 + 53255?
53251
In base 6, what is 2534 + -1251545?
-1245011
In base 12, what is -115 - -2059874?
205975b
In base 13, what is -a94917 + 23?
-a948c4
In base 9, what is 10054 - 15366?
-5312
In base 14, what is -c9c664 + -3?
-c9c667
In base 10, what is 320 - 24984?
-24664
In base 4, what is -211333222 - 2120?
-212002002
In base 7, what is 6036635 + 21?
6036656
In base 16, what is c9df - 4?
c9db
In base 11, what is 3500997 - 90?
3500907
In base 8, what is -3 + -1604130144?
-1604130147
In base 11, what is -9a33760 + 1?
-9a3375a
In base 4, what is -12113110 - -1022021?
-11031023
In base 14, what is 30b317 + -8?
30b30d
In base 3, what is 10021 + -11000012222102?
-11000012212011
In base 15, what is -3e5 - 49477?
-4986c
In base 16, what is -4c49f0 - 2?
-4c49f2
In base 16, what is 5c + 41922?
4197e
In base 16, what is 1510 - 65cf?
-50bf
In base 9, what is -217702 + -11?
-217713
In base 9, what is -557 + -68674?
-70342
In base 16, what is eeea5 + 2?
eeea7
In base 16, what is 6 - -f497?
f49d
In base 5, what is 21032230 - 110?
21032120
In base 12, what is 110191066 - 1?
110191065
In base 5, what is -4 + -1104202341?
-1104202400
In base 8, what is -15320 - 6055?
-23375
In base 7, what is -36134224 - 113?
-36134340
In base 16, what is 0 - 6fb27d?
-6fb27d
In base 2, what is 11 + 11010100000011110100101111?
11010100000011110100110010
In base 16, what is -a6cb9e6 + -4?
-a6cb9ea
In base 15, what is 3 - 1416699?
-1416696
In base 9, what is -204745 - 72?
-204827
In base 4, what is -1213221 - 210333?
-2030220
In base 16, what is 14b - 26252?
-26107
In base 9, what is -2 - 111645677?
-111645680
In base 12, what is -1430 + -a13b?
-b56b
In base 15, what is -10e + 40d09?
40bea
In base 11, what is a997 + 26?
aa12
In base 9, what is 1 - -16858223?
16858224
In base 6, what is -10432 - -1350251?
1335415
In base 6, what is 15553511 - 134?
15553333
In base 13, what is 4 - aa7a31?
-aa7a2a
In base 10, what is -73606959 - -4?
-73606955
In base 2, what is -100100110110100011111000 + -110?
-100100110110100011111110
In base 5, what is -4213 + -110?
-4323
In base 3, what is 2121200 + -10102102101?
-10022210201
In base 12, what is 43 - 31b416?
-31b393
In base 16, what is 1d4 + -394f9?
-39325
In base 10, what is -163464 + 2245?
-161219
In base 15, what is -8a88c + -18?
-8a8a5
In base 3, what is -1112211110220111 - 12?
-1112211110220200
In base 14, what is -ad890 + 4?
-ad88a
In base 12, what is 6 - -540749?
540753
In base 4, what is 13 + 111030212230?
111030212303
In base 5, what is -3014242 - -3101?
-3011141
In base 2, what is -101100110101001000 + 10100100?
-101100110010100100
In base 8, what is 34 - -27440757?
27441013
In base 7, what is 13331 - 36035?
-22404
In base 7, what is -250 - -2331236?
2330656
In base 7, what is 6351203 - 124?
6351046
In base 14, what is 103c615 + -43?
103c5b2
In base 16, what is -192 - 15f46?
-160d8
In base 14, what is -1 + 75462b?
75462a
In base 4, what is -111101 + -1002211?
-1113312
In base 16, what is -b2e802 + 3?
-b2e7ff
In base 10, what is -938482 - -7?
-938475
In base 11, what is -2 + 2a087639?
2a087637
In base 13, what is -8 - 3608015?
-3608020
In base 11, what is a75 - -526a?
6234
In base 9, what is -34112 - 542?
-34654
In base 9, what is 53876 - 2836?
51040
In base 7, what is 5153520511 - -3?
5153520514
In base 13, what is 18c390 - -8a?
18c44a
In base 4, what is -2332002 + 32133?
-2233203
In base 9, what is -12 - 284166?
-284178
In base 7, what is 4635 - 1034?
3601
In base 5, what is 3304111030 - -112?
3304111142
In base 14, what is -2 - d95cc39?
-d95cc3b
In base 11, what is 497741 - -145?
497886
In base 6, what is 104505305 - -102?
104505411
In base 14, what is 5 + -c865d2?
-c865cb
In base 15, what is -10339 - 2a47?
-12d81
In base 14, what is -ca1 - -2a3?
-9dc
In base 16, what is -1d8 + f8f10?
f8d38
In base 8, what is 4 + 210504736?
210504742
In base 13, what is -6c7 + 19699?
18ca2
In base 12, what is -70 - 19370?
-19420
In base 12, what is -29 - 2460973?
-24609a0
In base 10, what is -4507 + 6583?
2076
In base 12, what is 3 + 5b59255?
5b59258
In base 13, what is -6846 + 654?
-61c2
In base 5, what is -11014 + 2204122?
2143103
In base 6, what is 2 - 44523235?
-44523233
In base 4, what is -320 - 20321020?
-20322000
In base 10, what is 41295 + 402?
41697
In base 2, what is 1100011100 + 11011000011?
100111011111
In base 7, what is -246633106 + 3?
-246633103
In base 15, what is -1 - -27168c7?
27168c6
In base 2, what is 101 - -100010100010111100111011?
100010100010111101000000
In base 13, what is 0 - 266643c?
-266643c
In base 3, what is -12 + 11100010222110?
11100010222021
In base 6, what is 1 - 1135342551?
-1135342550
In base 3, what is -10022 + 211110202221?
211110122122
In base 8, what is -110 - -12153764?
12153654
In base 12, what is 747a60 - -5?
747a65
In base 6, what is 315 - -11205352?
11210111
In base 3, what is -1210220022000 - 1100?
-1210220100100
In base 8, what is -6160255640 + -3?
-6160255643
In base 4, what is -3220 - -1033323230?
1033320010
In base 7, what is 1 + 600213263?
600213264
In base 8, what is -54 + 7036677?
7036623
In base 9, what is 22722282 + 104?
22722386
In base 8, what is -127 + 4231543?
4231414
In base 15, what is 27bdd + c?
27bea
In base 15, what is -5 + -3b4420?
-3b4425
In base 14, what is -438 + -7aa23?
-7b05b
In base 13, what is 645caa77 + 4?
645caa7b
In base 16, what is 351d - 6ec1?
-39a4
In base 6, what is 525 - -2253225?
2254154
In base 3, what is -111010022121221012 + 10?
-111010022121221002
In base 12, what is 5 - 3083432?
-3083429
In base 8, what is 4136711 + 1?
4136712
In base 15, what is 1ac6eb1 + -4?
1ac6eac
In base 12, what is -b - 22a28?
-22a37
In base 6, what is 35 + -2005051250?
-2005051211
In base 3, what is 112102112 - 202100210?
-12221021
In base 11, what is -6637946 - -1?
-6637945
In base 7, what is -23302 - -21424?
-1545
In base 11, what is -10476 + -411?
-10887
In base 4, what is 1103223 - -121130?
1231013
In base 12, what is -289b6b536 + 2?
-289b6b534
In base 16, what is -2f1 - -222b?
1f3a
In base 13, what is -23424b7 + b?
-23424a9
In base 16, what is da1981 - -1?
da1982
In base 8, what is 2655743 + 63?
2656026
In base 10, what is 5 + -14602335?
-14602330
In base 2, what is -1000100100 + -110101101010110100?
-110101110011011000
In base 16, what is -7ee88 - 84?
-7ef0c
In base 2, what is -1101010001000 - 10110001000001?
-100011011001001
In base 14, what is -c23c44 + -4?
-c23c48
In base 7, what is 2 - -1034316030?
1034316032
In base 10, what is 204493 - 127?
204366
In base 15, what is -5eb846 + -2e?
-5eb875
In base 7, what is -6062011 + 11?
-6062000
In base 5, what is 10100232 - -1032?
10101314
In base 7, what is 4253 - -1340?
5623
In base 5, what is -1332334343 - -2?
-1332334341
In base 14, what is 3b0537 + -8?
3b052d
In base 12, what is -318 + -9b302?
-9b61a
In base 7, what is 3 + 112342260?
112342263
In base 2, what is 1101110100000011101011011 - 100011?
1101110100000011100111000
In base 11, what is 505324 + -76?
505259
In base 13, what is 0 + 80551?
80551
In base 4, what is -3313 + -23231230?
-23301203
In base 6, what is -105142 + 13322?
-51420
In base 11, what is -8 + -25a37?
-25a44
In base 8, what is 77 - -11051510?
11051607
In base 4, what is -10101220133 - -110?
-10101220023
In base 12, what is 0 + -bb3386b?
-bb338